90?
9
What is the ten millions digit of 153235644?
5
What is the hundred thousands digit of 4667426889?
4
What is the millions digit of 461005325?
1
What is the ten thousands digit of 705649897?
4
What is the thousands digit of 205662249?
2
What is the units digit of 10560500?
0
What is the hundred millions digit of 5096985705?
0
What is the hundreds digit of 1435484276?
2
What is the hundred thousands digit of 17927919?
9
What is the hundred millions digit of 161482994?
1
What is the ten thousands digit of 274721972?
2
What is the ten millions digit of 406255317?
0
What is the tens digit of 440533102?
0
What is the hundred millions digit of 334674926?
3
What is the hundreds digit of 207088369?
3
What is the units digit of 2521090301?
1
What is the thousands digit of 1050477330?
7
What is the hundreds digit of 602627704?
7
What is the tens digit of 6180744730?
3
What is the ten millions digit of 305491993?
0
What is the ten thousands digit of 74625636?
2
What is the millions digit of 25365822?
5
What is the billions digit of 4968389641?
4
What is the millions digit of 3198079250?
8
What is the hundreds digit of 54693450?
4
What is the ten millions digit of 408417791?
0
What is the hundred thousands digit of 5027586581?
5
What is the ten millions digit of 217101347?
1
What is the ten millions digit of 359401953?
5
What is the ten thousands digit of 28519152?
1
What is the hundreds digit of 1097292089?
0
What is the millions digit of 67921183?
7
What is the ten millions digit of 17306154?
1
What is the millions digit of 258295712?
8
What is the tens digit of 199990349?
4
What is the tens digit of 3330658949?
4
What is the hundreds digit of 14410799?
7
What is the hundred thousands digit of 1270824510?
8
What is the hundred thousands digit of 109060776?
0
What is the units digit of 37760874?
4
What is the units digit of 1434852269?
9
What is the ten thousands digit of 83956404?
5
What is the tens digit of 31517834?
3
What is the millions digit of 514798577?
4
What is the hundreds digit of 59626307?
3
What is the millions digit of 3251166076?
1
What is the hundred thousands digit of 16613576?
6
What is the hundreds digit of 1026266002?
0
What is the tens digit of 925349662?
6
What is the ten thousands digit of 7881363946?
6
What is the hundreds digit of 17202249?
2
What is the hundred millions digit of 1865052240?
8
What is the hundreds digit of 16311207?
2
What is the thousands digit of 106036129?
6
What is the millions digit of 1797732185?
7
What is the tens digit of 2171967966?
6
What is the hundred thousands digit of 1046271461?
2
What is the hundreds digit of 222221195?
1
What is the millions digit of 4302609607?
2
What is the tens digit of 101482186?
8
What is the hundred thousands digit of 18270647?
2
What is the units digit of 35742171?
1
What is the millions digit of 180953674?
0
What is the hundred thousands digit of 2362596817?
5
What is the millions digit of 314099558?
4
What is the hundreds digit of 618784564?
5
What is the thousands digit of 1990340854?
0
What is the tens digit of 76315531?
3
What is the tens digit of 270667144?
4
What is the billions digit of 1391994784?
1
What is the millions digit of 136463710?
6
What is the tens digit of 19239534?
3
What is the ten millions digit of 174401405?
7
What is the ten millions digit of 1784785952?
8
What is the ten millions digit of 324907084?
2
What is the units digit of 1045493080?
0
What is the tens digit of 7385796?
9
What is the hundred thousands digit of 62217317?
2
What is the tens digit of 2412629171?
7
What is the tens digit of 58680305?
0
What is the thousands digit of 174665252?
5
What is the millions digit of 471242200?
1
What is the hundreds digit of 175990531?
5
What is the ten millions digit of 286479716?
8
What is the units digit of 42965584?
4
What is the hundred thousands digit of 154721294?
7
What is the hundreds digit of 129984107?
1
What is the thousands digit of 410196892?
6
What is the thousands digit of 70779725?
9
What is the hundred millions digit of 116983962?
1
What is the hundreds digit of 836768999?
9
What is the millions digit of 1609346345?
9
What is the thousands digit of 108100109?
0
What is the units digit of 212657056?
6
What is the ten thousands digit of 1241386712?
8
What is the hundreds digit of 82461548?
5
What is the millions digit of 296465894?
6
What is the hundred thousands digit of 23266972?
2
What is the hundreds digit of 4762892?
8
What is the thousands digit of 84255042?
5
What is the hundreds digit of 162253645?
6
What is the hundreds digit of 2995817?
8
What is the ten millions digit of 4137013996?
3
What is the ten millions digit of 1494767020?
9
What is the millions digit of 10760579?
0
What is the millions digit of 2922431945?
2
What is the ten thousands digit of 644956773?
5
What is the hundreds digit of 32125160?
1
What is the hundreds digit of 749840671?
6
What is the hundred millions digit of 2674324682?
6
What is the tens digit of 37548935?
3
What is the hundred thousands digit of 227720806?
7
What is the millions digit of 194634365?
4
What is the ten thousands digit of 176313199?
1
What is the millions digit of 814414428?
4
What is the units digit of 8164603?
3
What is the hundred thousands digit of 201855703?
8
What is the hundreds digit of 5345251702?
7
What is the tens digit of 92495829?
2
What is the hundred thousands digit of 209376673?
3
What is the hundred thousands digit of 173205798?
2
What is the thousands digit of 148956147?
6
What is the hundred millions digit of 144823547?
1
What is the units digit of 190828463?
3
What is the hundred thousands digit of 611563380?
5
What is the ten millions digit of 95999305?
9
What is the hundreds digit of 70254541?
5
What is the millions digit of 2159186860?
9
What is the hundred millions digit of 427936377?
4
What is the ten millions digit of 34719212?
3
What is the thousands digit of 637541559?
1
What is the units digit of 25671435?
5
What is the hundred thousands digit of 688305331?
3
What is the tens digit of 44193615?
1
What is the ten millions digit of 45555076?
4
What is the hundred millions digit of 1100502267?
1
What is the millions digit of 1346169204?
6
What is the ten thousands digit of 8215088?
1
What is the hundred millions digit of 615021625?
6
What is the units digit of 82341953?
3
What is the ten thousands digit of 2297884325?
8
What is the ten thousands digit of 223876614?
7
What is the thousands digit of 410537610?
7
What is the billions digit of 2524235250?
2
What is the millions digit of 2936913689?
6
What is the ten millions digit of 374551074?
7
What is the thousands digit of 50588597?
8
What is the hundred thousands digit of 3473768709?
7
What is the units digit of 23378506?
6
What is the hundreds digit of 150431654?
6
What is the hundred millions digit of 6908937993?
9
What is the units digit of 74057350?
0
What is the ten thousands digit of 2785774250?
7
What is the ten thousands digit of 84171226?
7
What is the hundred thousands digit of 139355360?
3
What is the units digit of 14017022?
2
What is the hundred thousands digit of 79184392?
1
What is the billions digit of 1951455206?
1
What is the hundred thousands digit of 2845098567?
0
What is the units digit of 145428387?
7
What is the ten millions digit of 339506278?
3
What is the millions digit of 72484606?
2
What is the ten millions digit of 46470251?
4
What is the hundred thousands digit of 219669249?
6
What is the ten thousands digit of 11473776?
7
What is the hundred millions digit of 365653936?
3
What is the units digit of 17057848?
8
What is the hundreds digit of 44553043?
0
What is the ten thousands digit of 405856614?
5
What is the hundred thousands digit of 269529560?
5
What is the millions digit of 530635837?
0
What is the ten thousands digit of 532581874?
8
What is the hundreds digit of 39444243?
2
What is the millions digit of 8247997?
8
What is the units digit of 45418350?
0
What is the ten thousands digit of 55564762?
6
What is the ten millions digit of 143551268?
4
What is the ten millions digit of 76038745?
7
What is the ten millions digit of 3283879825?
8
What is the millions digit of 3121497122?
1
What is the units digit of 55063779?
9
What is the hundred millions digit of 26047011